e factors of 33035961.
3, 7, 1573141
List the prime factors of 359625072.
2, 3, 17, 440717
What are the prime factors of 578391235?
5, 23, 67, 271, 277
What are the prime factors of 499472970?
2, 3, 5, 431, 38629
List the prime factors of 60832524.
2, 3, 277, 18301
List the prime factors of 6857749.
17, 23, 17539
List the prime factors of 751914990.
2, 3, 5, 41, 203771
What are the prime factors of 71396087?
7, 1103, 1321
What are the prime factors of 1461833410?
2, 5, 146183341
List the prime factors of 223470428.
2, 55867607
What are the prime factors of 49936611?
3, 23, 79, 9161
What are the prime factors of 813397532?
2, 157, 1295219
What are the prime factors of 484206607?
4597, 105331
What are the prime factors of 162323455?
5, 7, 59, 78607
What are the prime factors of 28775908?
2, 7, 79, 13009
List the prime factors of 45312190.
2, 5, 7, 11, 83, 709
What are the prime factors of 4171026161?
31, 1201, 112031
What are the prime factors of 25779006?
2, 3, 11, 43399
What are the prime factors of 2513651023?
13, 709, 272719
What are the prime factors of 144925339?
13, 11148103
What are the prime factors of 100664557?
7, 1483, 9697
List the prime factors of 4805699928.
2, 3, 2503, 79999
List the prime factors of 6522125269.
11, 19, 467, 3517
List the prime factors of 26297428.
2, 6574357
What are the prime factors of 21823639?
21823639
List the prime factors of 260665104.
2, 3, 7, 19, 307
List the prime factors of 408237015.
3, 5, 27215801
What are the prime factors of 16662200?
2, 5, 83311
List the prime factors of 527015106.
2, 3, 9759539
What are the prime factors of 101045558?
2, 50522779
What are the prime factors of 65358773?
139, 470207
List the prime factors of 152288249.
19, 2237, 3583
What are the prime factors of 70138113?
3, 23379371
List the prime factors of 199781130.
2, 3, 5, 37, 211, 853
List the prime factors of 4974782783.
397, 12530939
What are the prime factors of 579386853?
3, 29, 443, 5011
List the prime factors of 47657322.
2, 3, 294181
List the prime factors of 271263214.
2, 135631607
List the prime factors of 50548941.
3, 31, 41, 491
What are the prime factors of 330635593?
10729, 30817
What are the prime factors of 284781441?
3, 7, 13561021
List the prime factors of 186633822.
2, 3, 23, 1352419
List the prime factors of 93112500.
2, 3, 5, 13, 191
What are the prime factors of 4294457544?
2, 3, 13, 59, 233293
List the prime factors of 2474736155.
5, 17, 53, 549331
What are the prime factors of 1436815249?
31, 241, 192319
What are the prime factors of 261953813?
11, 31, 768193
What are the prime factors of 5573605262?
2, 47, 307, 193139
What are the prime factors of 61451685?
3, 5, 17, 80329
What are the prime factors of 5318926810?
2, 5, 531892681
What are the prime factors of 132485419?
11, 37, 325517
List the prime factors of 2445355875.
3, 5, 6520949
What are the prime factors of 87968425?
5, 37, 95101
What are the prime factors of 858032348?
2, 827, 259381
List the prime factors of 681534289.
2131, 319819
What are the prime factors of 2281476?
2, 3, 31, 6133
What are the prime factors of 1178934617?
7, 61, 79, 34949
What are the prime factors of 124782017?
124782017
What are the prime factors of 950739548?
2, 11, 4231, 5107
List the prime factors of 19201241.
257, 74713
What are the prime factors of 44296421?
13, 262109
What are the prime factors of 713161675?
5, 19, 61, 151, 163
List the prime factors of 3633488.
2, 227093
List the prime factors of 108793376.
2, 3399793
List the prime factors of 66737256.
2, 3, 2780719
What are the prime factors of 43019702?
2, 11, 29, 67429
What are the prime factors of 9943920?
2, 3, 5, 7, 1973
What are the prime factors of 1118177537?
1118177537
What are the prime factors of 1161988581?
3, 13, 173, 172223
List the prime factors of 251997720.
2, 3, 5, 13, 67, 2411
List the prime factors of 4577930770.
2, 5, 7, 269, 243119
What are the prime factors of 73091031?
3, 13, 73, 25673
List the prime factors of 101690030.
2, 5, 13, 782231
List the prime factors of 203421236.
2, 50855309
List the prime factors of 1499011572.
2, 3, 31, 461, 8741
List the prime factors of 1004345415.
3, 5, 19, 1174673
List the prime factors of 438333383.
438333383
What are the prime factors of 35911262?
2, 137, 131063
List the prime factors of 1131597863.
11, 102872533
What are the prime factors of 852025381?
37, 139, 165667
What are the prime factors of 320136691?
7, 37, 181, 6829
What are the prime factors of 2444137501?
13, 43, 4372339
What are the prime factors of 1591411933?
149, 10680617
List the prime factors of 5012067565.
5, 1002413513
What are the prime factors of 441346056?
2, 3, 181, 101599
What are the prime factors of 71939152?
2, 4496197
List the prime factors of 1286243162.
2, 643121581
List the prime factors of 1718052512.
2, 11, 1621, 3011
What are the prime factors of 2469464115?
3, 5, 17, 23, 29, 14519
What are the prime factors of 355249115?
5, 13, 197, 27743
What are the prime factors of 3342184695?
3, 5, 74270771
What are the prime factors of 25533023?
25533023
What are the prime factors of 45405347?
13, 3492719
What are the prime factors of 263171584?
2, 13, 19, 2081
What are the prime factors of 81869047?
13, 31, 53, 3833
List the prime factors of 1732819105.
5, 347, 998743
List the prime factors of 180959076.
2, 3, 41, 40867
List the prime factors of 50285457.
3, 19, 294067
List the prime factors of 290286156.
2, 3, 311, 77783
What are the prime factors of 217756559?
83, 2623573
What are the prime factors of 19692454?
2, 9846227
List the prime factors of 7672186.
2, 47, 81619
What are the prime factors of 3284994?
2, 3, 547499
List the prime factors of 34706741.
17, 173, 11801
List the prime factors of 576986322.
2, 3, 11, 31, 827
What are the prime factors of 484963106?
2, 19, 12762187
What are the prime factors of 293430760?
2, 5, 7, 619, 1693
What are the prime factors of 99905581?
99905581
List the prime factors of 56564595.
3, 5, 418997
What are the prime factors of 241371757?
11, 37, 593051
What are the prime factors of 23037701?
103, 223667
List the prime factors of 47905100.
2, 5, 29, 16519
List the prime factors of 132730153.
193, 687721
List the prime factors of 1534697066.
2, 7, 17, 6448307
List the prime factors of 124347808.
2, 13, 271, 1103
List the prime factors of 23964529.
19, 97, 13003
What are the prime factors of 2499767533?
17, 79, 1861331
What are the prime factors of 29832911?
2069, 14419
What are the prime factors of 52944788?
2, 13, 109, 9341
List the prime factors of 52470748.
2, 11, 1192517
List the prime factors of 414883194.
2, 3, 11, 47, 79, 1693
List the prime factors of 3099034706.
2, 1549517353
List the prime factors of 460093675.
5, 18403747
What are the prime factors of 46891760?
2, 5, 586147
List the prime factors of 70983553.
251, 389, 727
List the prime factors of 186092269.
11, 97, 174407
What are the prime factors of 84727665?
3, 5, 11, 171167
List the prime factors of 4632185.
5, 926437
List the prime factors of 2995137944.
2, 374392243
List the prime factors of 36725387.
36725387
List the prime factors of 54993167.
557, 98731
List the prime factors of 12215001.
3, 23, 211, 839
List the prime factors of 4007179864.
2, 29, 4153, 4159
What are the prime factors of 77046749?
13, 31, 41, 4663
List the prime factors of 1612033259.
1051, 1533809
What are the prime factors of 4675105084?
2, 13, 1171, 76777
List the prime factors of 8748606.
2, 3, 1458101
What are the prime factors of 2228461992?
2, 3, 283, 109367
What are the prime factors of 116832101?
116832101
List the prime factors of 1700537675.
5, 1657, 41051
What are the prime factors of 62857560?
2, 3, 5, 83, 6311
What are the prime factors of 3482291660?
2, 5, 174114583
List the prime factors of 7332403.
13, 43, 1009
What are the prime factors of 17275943?
1741, 9923
What are the prime factors of 6716173?
17, 395069
List the prime factors of 381276379.
11, 37, 936797
List the prime factors of 44915288.
2, 11, 510401
What are the prime factors of 42558316?
2, 10639579
What are the prime factors of 411685042?
2, 205842521
List the prime factors of 2407511149.
2407511149
List the prime factors of 64509202.
2, 31, 43, 24197
List the prime factors of 45480564.
2, 3, 107, 11807
List the 